{"id":226,"date":"2017-05-24T15:50:35","date_gmt":"2017-05-24T15:50:35","guid":{"rendered":"http:\/\/gnodesign.com\/themes\/cariera\/post-a-job\/"},"modified":"2020-03-04T19:07:44","modified_gmt":"2020-03-04T19:07:44","slug":"post-a-job","status":"publish","type":"page","link":"https:\/\/formacad.es\/empleo\/post-a-job\/","title":{"rendered":"Subir Oferta"},"content":{"rendered":"<form action=\"\/empleo\/wp-json\/wp\/v2\/pages\/226\" method=\"post\" id=\"submit-job-form\" class=\"job-manager-form\" enctype=\"multipart\/form-data\">\n\n\t\n\t\n\t\n\t\t\n\n\n\t<fieldset class=\"fieldset-login_required\">\n\t\t<label class=\"account-sign-in-label\">Have an account?<\/label>\n        \n\t\t<div class=\"field account-sign-in\">\n            \n                            <p>\n                    Si no dispones de una cuenta en el canal de empleo debes cumplimentar el formulario inferior.                                            Deber\u00e1s confirmar tu perfil mediante un e-mail que te enviaremos.                                    <\/p>\n                        \n            <div class=\"button-wrapper\">\n                                    <a href=\"#login-register-popup\" class=\"popup-with-zoom-anim btn btn-main btn-effect\">\n                                    \n                Accede a tu cuenta<\/a>\n            <\/div>\n            \n\t\t<\/div>\n\t<\/fieldset>\n\n\n\t                <fieldset class=\"fieldset-create_account_email\">\n                    <label for=\"create_account_email\">\n                        Tu correo electr\u00f3nico                    <\/label>\n                    <div class=\"field required-field\">\n                        <input type=\"text\" class=\"input-text\" name=\"create_account_email\" id=\"create_account_email\" placeholder=\"tu@tudominio.com\" value=\"\" maxlength=\"\" required \/>\n                    <\/div>\n                <\/fieldset>\n                \n\t\n\t\n\t\t<!-- Job Information Fields -->\n\t\t<div class=\"submit-job-box submit-job_job-info\"><h3 class=\"title\">Detalles del Puesto<\/h3><div class=\"form-fields\">\n\t\t\t\t\t<fieldset class=\"fieldset-job_title fieldset-type-text\">\n\t\t\t\t<label for=\"job_title\">T\u00edtulo del trabajo<\/label>\n\t\t\t\t<div class=\"field required-field\">\n\t\t\t\t\t<input type=\"text\" class=\"input-text\" name=\"job_title\" id=\"job_title\" placeholder=\"\" value=\"\" maxlength=\"\" required \/>\n\t\t\t\t<\/div>\n\t\t\t<\/fieldset>\n\t\t\t\t\t<fieldset class=\"fieldset-job_location fieldset-type-text\">\n\t\t\t\t<label for=\"job_location\">Ubicaci\u00f3n <small>(opcional)<\/small><\/label>\n\t\t\t\t<div class=\"field \">\n\t\t\t\t\t<input type=\"text\" class=\"input-text\" name=\"job_location\" id=\"job_location\" placeholder=\"Ejemplo: \u00abMadrid\u00bb\" value=\"\" maxlength=\"\"  \/>\n<small class=\"description\">Dejar en blanco si la ubicaci\u00f3n no es importante<\/small>\t\t\t\t<\/div>\n\t\t\t<\/fieldset>\n\t\t\t\t\t<fieldset class=\"fieldset-remote_position fieldset-type-checkbox\">\n\t\t\t\t<label for=\"remote_position\">Puesto en remoto <small>(opcional)<\/small><\/label>\n\t\t\t\t<div class=\"field \">\n\t\t\t\t\t<input type=\"checkbox\" class=\"input-checkbox\" name=\"remote_position\" id=\"remote_position\"  value=\"1\"  \/>\n<small class=\"description\">Selecciona si este es un puesto remoto.<\/small>\t\t\t\t<\/div>\n\t\t\t<\/fieldset>\n\t\t\t\t\t<fieldset class=\"fieldset-job_type fieldset-type-term-multiselect\">\n\t\t\t\t<label for=\"job_type\">Tipo de trabajo<\/label>\n\t\t\t\t<div class=\"field required-field\">\n\t\t\t\t\t<select name='job_type[]' id='job_type' class='job-manager-category-dropdown ' multiple='multiple' data-placeholder='Elige el tipo de trabajo&hellip;' data-no_results_text='No se han encontrado resultados' data-multiple_text='Elige alguna opci\u00f3n'>\n\t<option class=\"level-0\" value=\"19\">Freelance<\/option>\n\t<option class=\"level-0\" value=\"20\">Internship<\/option>\n\t<option class=\"level-0\" value=\"18\">Temporal<\/option>\n\t<option class=\"level-0\" value=\"16\">Tiempo Completo<\/option>\n\t<option class=\"level-0\" value=\"17\">Tiempo Parcial<\/option>\n<\/select>\n\t\t\t\t<\/div>\n\t\t\t<\/fieldset>\n\t\t\t\t\t<fieldset class=\"fieldset-job_tags fieldset-type-text\">\n\t\t\t\t<label for=\"job_tags\">Tags <small>(opcional)<\/small><\/label>\n\t\t\t\t<div class=\"field \">\n\t\t\t\t\t<input type=\"text\" class=\"input-text\" name=\"job_tags\" id=\"job_tags\" placeholder=\"e.g. PHP, Social Media, Management\" value=\"\" maxlength=\"\"  \/>\n<small class=\"description\">Tags separados por comas, selecciona las habilidades requeridas para este puesto.<\/small>\t\t\t\t<\/div>\n\t\t\t<\/fieldset>\n\t\t\t\t\t<fieldset class=\"fieldset-job_category fieldset-type-term-multiselect\">\n\t\t\t\t<label for=\"job_category\">Categor\u00eda del trabajo<\/label>\n\t\t\t\t<div class=\"field required-field\">\n\t\t\t\t\t<select name='job_category[]' id='job_category' class='job-manager-category-dropdown ' multiple='multiple' data-placeholder='Elige una categor\u00eda&hellip;' data-no_results_text='No se han encontrado resultados' data-multiple_text='Elige alguna opci\u00f3n'>\n\t<option class=\"level-0\" value=\"350\">AutoCAD<\/option>\n\t<option class=\"level-0\" value=\"349\">Autodesk Inventor<\/option>\n\t<option class=\"level-0\" value=\"240\">Catia V5<\/option>\n\t<option class=\"level-0\" value=\"348\">PTC Creo<\/option>\n\t<option class=\"level-0\" value=\"351\">Revit<\/option>\n\t<option class=\"level-0\" value=\"241\">Siemens NX<\/option>\n\t<option class=\"level-0\" value=\"242\">Solid Edge<\/option>\n\t<option class=\"level-0\" value=\"239\">SolidWorks<\/option>\n<\/select>\n\t\t\t\t<\/div>\n\t\t\t<\/fieldset>\n\t\t\t\t\t<fieldset class=\"fieldset-job_description fieldset-type-wp-editor\">\n\t\t\t\t<label for=\"job_description\">Descripci\u00f3n<\/label>\n\t\t\t\t<div class=\"field required-field\">\n\t\t\t\t\t<div id=\"wp-job_description-wrap\" class=\"wp-core-ui wp-editor-wrap tmce-active\"><link rel='stylesheet' id='dashicons-css' href='https:\/\/formacad.es\/empleo\/wp-includes\/css\/dashicons.min.css?ver=6.6.5' type='text\/css' media='all' \/>\n<link rel='stylesheet' id='editor-buttons-css' href='https:\/\/formacad.es\/empleo\/wp-includes\/css\/editor.min.css?ver=6.6.5' type='text\/css' media='all' \/>\n<style> .mce-top-part button { background-color: rgba(0,0,0,0.0) !important; } <\/style>\n<div id=\"wp-job_description-editor-container\" class=\"wp-editor-container\"><textarea class=\"wp-editor-area\" rows=\"8\" autocomplete=\"off\" cols=\"40\" name=\"job_description\" id=\"job_description\"><\/textarea><\/div>\n<\/div>\n\n\t\t\t\t<\/div>\n\t\t\t<\/fieldset>\n\t\t\t\t\t<fieldset class=\"fieldset-application fieldset-type-text\">\n\t\t\t\t<label for=\"application\">Direcci\u00f3n de correo electr\u00f3nico o URL de la solicitud<\/label>\n\t\t\t\t<div class=\"field required-field\">\n\t\t\t\t\t<input type=\"text\" class=\"input-text\" name=\"application\" id=\"application\" placeholder=\"Introduce un correo electr\u00f3nico o la URL de la web\" value=\"\" maxlength=\"\" required \/>\n\t\t\t\t<\/div>\n\t\t\t<\/fieldset>\n\t\t\t\t\t<fieldset class=\"fieldset-job_important_info fieldset-type-text\">\n\t\t\t\t<label for=\"job_important_info\">Important information:  <small>(opcional)<\/small><\/label>\n\t\t\t\t<div class=\"field \">\n\t\t\t\t\t<input type=\"text\" class=\"input-text\" name=\"job_important_info\" id=\"job_important_info\" placeholder=\"e.g. Work visa required\" value=\"\" maxlength=\"\"  \/>\n\t\t\t\t<\/div>\n\t\t\t<\/fieldset>\n\t\t\t\t\t<fieldset class=\"fieldset-hours fieldset-type-text\">\n\t\t\t\t<label for=\"hours\">Horas a la Semana <small>(opcional)<\/small><\/label>\n\t\t\t\t<div class=\"field \">\n\t\t\t\t\t<input type=\"text\" class=\"input-text\" name=\"hours\" id=\"hours\" placeholder=\"e.g. 72\" value=\"\" maxlength=\"\"  \/>\n\t\t\t\t<\/div>\n\t\t\t<\/fieldset>\n\t\t\t\t\t<fieldset class=\"fieldset-apply_link fieldset-type-text\">\n\t\t\t\t<label for=\"apply_link\">Link Externo Para Candidatura <small>(opcional)<\/small><\/label>\n\t\t\t\t<div class=\"field \">\n\t\t\t\t\t<input type=\"text\" class=\"input-text\" name=\"apply_link\" id=\"apply_link\" placeholder=\"http:\/\/\" value=\"\" maxlength=\"\"  \/>\n\t\t\t\t<\/div>\n\t\t\t<\/fieldset>\n\t\t\t\t\t<fieldset class=\"fieldset-header_image fieldset-type-file\">\n\t\t\t\t<label for=\"header_image\">Imagen <small>(opcional)<\/small><\/label>\n\t\t\t\t<div class=\"field \">\n\t\t\t\t\t\n\n<div class=\"job-manager-uploaded-files\">\n\t<\/div>\n\n\n<span class=\"btn btn-main btn-effect upload-btn\">\n    <i class=\"fa fa-upload\"><\/i>Subir<\/span>\n\n\n<input type=\"file\" class=\"cariera-file-upload input-text wp-job-manager-file-upload\" data-file_types=\"jpg|jpeg|gif|png\"  name=\"header_image\" id=\"header_image\" placeholder=\"\" \/>\n\n<small class=\"description\">\n\t\t\tEl tama\u00f1o de imagen debe ser por lo menos de 1600x200px\t<\/small>\t\t\t\t<\/div>\n\t\t\t<\/fieldset>\n\t\t\n\t\t<\/div><\/div>\n\t\t<!-- Company Information Fields -->\n\t\t\t\t\t<h2>Detalles de la empresa<\/h2>\n\n\t\t\t<div class=\"submit-job-box submit-job_company-info new\"><h3 class=\"title\">Detalles Empresa<\/h3><div class=\"form-fields\"><div id=\"company-selection\" class=\"no-companies\"><a class=\"fieldset new-company active\" href=\"#company-selection\"><span class=\"icon\"><i class=\"icon-plus\"><\/i><\/span><span class=\"text\">Nueva Empresa<\/span><\/a><a class=\"fieldset existing-company\" href=\"#company-selection\"><span class=\"icon\"><i class=\"fa fa-building-o\"><\/i><\/span><span class=\"text\">Empresa Existente<\/span><\/a><\/div><fieldset class=\"no-companies-message hidden\"><p class=\"alert alert-info\">You either have not logged in or you don&#039;t have any companies with this account.<\/p><\/fieldset>\n\t\t\t\t\t\t\t<fieldset class=\"fieldset-company_select fieldset-type-company-select\">\n\t\t\t\t\t<label for=\"company_select\">Nombre de Empresa <small>(opcional)<\/small><\/label>\n\t\t\t\t\t<div class=\"field \">\n\t\t\t\t\t\t<small class=\"description\">Todos los campos de Empresa ser\u00e1n autom\u00e1ticamente rellenados con la informaci\u00f3n definida en la Empresa.<\/small>\t\t\t\t\t<\/div>\n\t\t\t\t<\/fieldset>\n\t\t\t\t\t\t\t<fieldset class=\"fieldset-company_name fieldset-type-text\">\n\t\t\t\t\t<label for=\"company_name\">Nombre de la empresa<\/label>\n\t\t\t\t\t<div class=\"field required-field\">\n\t\t\t\t\t\t<input type=\"text\" class=\"input-text\" name=\"company_name\" id=\"company_name\" placeholder=\"Introduce el nombre de la empresa\" value=\"\" maxlength=\"\" required \/>\n\t\t\t\t\t<\/div>\n\t\t\t\t<\/fieldset>\n\t\t\t\t\t\t\t<fieldset class=\"fieldset-company_website fieldset-type-text\">\n\t\t\t\t\t<label for=\"company_website\">Web <small>(opcional)<\/small><\/label>\n\t\t\t\t\t<div class=\"field \">\n\t\t\t\t\t\t<input type=\"text\" class=\"input-text\" name=\"company_website\" id=\"company_website\" placeholder=\"https:\/\/\" value=\"\" maxlength=\"\"  \/>\n\t\t\t\t\t<\/div>\n\t\t\t\t<\/fieldset>\n\t\t\t\t\t\t\t<fieldset class=\"fieldset-company_tagline fieldset-type-text\">\n\t\t\t\t\t<label for=\"company_tagline\">Descripci\u00f3n corta <small>(opcional)<\/small><\/label>\n\t\t\t\t\t<div class=\"field \">\n\t\t\t\t\t\t<input type=\"text\" class=\"input-text\" name=\"company_tagline\" id=\"company_tagline\" placeholder=\"Breve descripci\u00f3n de la empresa\" value=\"\" maxlength=\"64\"  \/>\n\t\t\t\t\t<\/div>\n\t\t\t\t<\/fieldset>\n\t\t\t\t\t\t\t<fieldset class=\"fieldset-company_video fieldset-type-text\">\n\t\t\t\t\t<label for=\"company_video\">V\u00eddeo <small>(opcional)<\/small><\/label>\n\t\t\t\t\t<div class=\"field \">\n\t\t\t\t\t\t<input type=\"text\" class=\"input-text\" name=\"company_video\" id=\"company_video\" placeholder=\"Un enlace a un v\u00eddeo acerca de tu empresa\" value=\"\" maxlength=\"\"  \/>\n\t\t\t\t\t<\/div>\n\t\t\t\t<\/fieldset>\n\t\t\t\t\t\t\t<fieldset class=\"fieldset-company_twitter fieldset-type-text\">\n\t\t\t\t\t<label for=\"company_twitter\">Nombre de usuario en Twitter <small>(opcional)<\/small><\/label>\n\t\t\t\t\t<div class=\"field \">\n\t\t\t\t\t\t<input type=\"text\" class=\"input-text\" name=\"company_twitter\" id=\"company_twitter\" placeholder=\"@tuempresa\" value=\"\" maxlength=\"\"  \/>\n\t\t\t\t\t<\/div>\n\t\t\t\t<\/fieldset>\n\t\t\t\t\t\t\t<fieldset class=\"fieldset-company_logo fieldset-type-file\">\n\t\t\t\t\t<label for=\"company_logo\">Logotipo <small>(opcional)<\/small><\/label>\n\t\t\t\t\t<div class=\"field \">\n\t\t\t\t\t\t\n\n<div class=\"job-manager-uploaded-files\">\n\t<\/div>\n\n\n<span class=\"btn btn-main btn-effect upload-btn\">\n    <i class=\"fa fa-upload\"><\/i>Subir<\/span>\n\n\n<input type=\"file\" class=\"cariera-file-upload input-text wp-job-manager-file-upload\" data-file_types=\"jpg|jpeg|gif|png\"  name=\"company_logo\" id=\"company_logo\" placeholder=\"\" \/>\n\n<small class=\"description\">\n\t\t\tTama\u00f1o m\u00e1ximo del archivo: 512 MB.\t<\/small>\t\t\t\t\t<\/div>\n\t\t\t\t<\/fieldset>\n\t\t\t\n\t\t\t            <fieldset class=\"fieldset-company_description\">\r\n                <label for=\"company_description\">Descripci\u00f3n <small>(optional)<\/small><\/label>\r\n                <div class=\"field \">\r\n                    <div id=\"wp-company_description-wrap\" class=\"wp-core-ui wp-editor-wrap tmce-active\"><style> .mce-top-part button { background-color: rgba(0,0,0,0.0) !important; } <\/style>\n<div id=\"wp-company_description-editor-container\" class=\"wp-editor-container\"><textarea class=\"wp-editor-area\" rows=\"8\" autocomplete=\"off\" cols=\"40\" name=\"company_description\" id=\"company_description\"><\/textarea><\/div>\n<\/div>\n\n                <\/div>\r\n            <\/fieldset>\r\n                    <fieldset class=\"fieldset-company_category\">\r\n                <label for=\"company_category\">Categor\u00eda <small>(optional)<\/small><\/label>\r\n                <div class=\"field \">\r\n                    <select name='company_category[]' id='company_category' class='job-manager-category-dropdown ' multiple='multiple' data-placeholder='Elige una categor\u00eda&hellip;' data-no_results_text='No se han encontrado resultados' data-multiple_text='Elige alguna opci\u00f3n'>\n\t<option class=\"level-0\" value=\"37\">Construction<\/option>\n\t<option class=\"level-0\" value=\"40\">Education<\/option>\n\t<option class=\"level-0\" value=\"44\">Health<\/option>\n\t<option class=\"level-0\" value=\"52\">Marketing<\/option>\n\t<option class=\"level-0\" value=\"57\">Sales<\/option>\n\t<option class=\"level-0\" value=\"59\">Software<\/option>\n\t<option class=\"level-0\" value=\"60\">Technology<\/option>\n<\/select>\n<small class=\"description\">The Company category will be added automatically.<\/small>                <\/div>\r\n            <\/fieldset>\r\n                    <fieldset class=\"fieldset-company_team_size\">\r\n                <label for=\"company_team_size\">Tama\u00f1o del equipo <small>(optional)<\/small><\/label>\r\n                <div class=\"field \">\r\n                    <select  name='company_team_size' id='company_team_size' class='cariera-select2'>\n\t<option value='-1'>&#8211;<\/option>\n\t<option class=\"level-0\" value=\"28\">1-10<\/option>\n\t<option class=\"level-0\" value=\"29\">101-200<\/option>\n\t<option class=\"level-0\" value=\"30\">11-50<\/option>\n\t<option class=\"level-0\" value=\"31\">200+<\/option>\n\t<option class=\"level-0\" value=\"32\">51-100<\/option>\n<\/select>\n                <\/div>\r\n            <\/fieldset>\r\n                    <fieldset class=\"fieldset-company_location\">\r\n                <label for=\"company_location\">Ciudad <small>(optional)<\/small><\/label>\r\n                <div class=\"field \">\r\n                    <input type=\"text\" class=\"input-text\" name=\"company_location\" id=\"company_location\" placeholder=\"p.e. &quot;Barcelona&quot;\" value=\"\" maxlength=\"\"  \/>\n<small class=\"description\">Leave this blank if the location is not important<\/small>                <\/div>\r\n            <\/fieldset>\r\n                    <fieldset class=\"fieldset-company_email\">\r\n                <label for=\"company_email\">Email Empresa <small>(optional)<\/small><\/label>\r\n                <div class=\"field \">\r\n                    <input type=\"text\" class=\"input-text\" name=\"company_email\" id=\"company_email\" placeholder=\"you@yourdomain.com\" value=\"\" maxlength=\"\"  \/>\n                <\/div>\r\n            <\/fieldset>\r\n                    <fieldset class=\"fieldset-company_phone\">\r\n                <label for=\"company_phone\">Tel\u00e9fono <small>(optional)<\/small><\/label>\r\n                <div class=\"field \">\r\n                    <input type=\"text\" class=\"input-text\" name=\"company_phone\" id=\"company_phone\" placeholder=\"N\u00famero de tel\u00e9fono\" value=\"\" maxlength=\"\"  \/>\n                <\/div>\r\n            <\/fieldset>\r\n                    <fieldset class=\"fieldset-company_facebook\">\r\n                <label for=\"company_facebook\">Facebook <small>(optional)<\/small><\/label>\r\n                <div class=\"field \">\r\n                    <input type=\"text\" class=\"input-text\" name=\"company_facebook\" id=\"company_facebook\" placeholder=\"Facebook url\" value=\"\" maxlength=\"\"  \/>\n                <\/div>\r\n            <\/fieldset>\r\n                    <fieldset class=\"fieldset-company_linkedin\">\r\n                <label for=\"company_linkedin\">LinkedIn <small>(optional)<\/small><\/label>\r\n                <div class=\"field \">\r\n                    <input type=\"text\" class=\"input-text\" name=\"company_linkedin\" id=\"company_linkedin\" placeholder=\"LinkedIn url\" value=\"\" maxlength=\"\"  \/>\n                <\/div>\r\n            <\/fieldset>\r\n                    <fieldset class=\"fieldset-company_since\">\r\n                <label for=\"company_since\">Desde <small>(optional)<\/small><\/label>\r\n                <div class=\"field \">\r\n                    <input type=\"text\" class=\"input-date job-manager-datepicker\" name=\"company_since\" id=\"company_since\" placeholder=\"Fundada en el fecha\/a\u00f1o\" value=\"\"  \/>\n<small class=\"description\">Este campo ser\u00e1 a\u00f1adido autom\u00e1ticamente.<\/small>                <\/div>\r\n            <\/fieldset>\r\n        <\/div><\/div>\t\t\n\t\t<fieldset class=\"fieldset-recaptcha\">\n\t<label for=\"recaptcha\"><\/label>\n\t<div class=\"field required-field\">\n\t\t<div class=\"g-recaptcha\" data-sitekey=\"6LdiQ-AUAAAAACSC8PuXp4l-Q5dkgBsPKKUb21PS\"><\/div>\n\t\t\t<\/div>\n<\/fieldset>\n\n\t\t<p>\n\t\t\t<input type=\"hidden\" name=\"job_manager_form\" value=\"submit-job\" \/>\n\t\t\t<input type=\"hidden\" name=\"job_id\" value=\"0\" \/>\n\t\t\t<input type=\"hidden\" name=\"step\" value=\"0\" \/>\n\t\t\t<input type=\"submit\" name=\"submit_job\" class=\"button\"\n    \t\t value=\"Previsualizar Oferta\" \/>\n\t\t\t<input type=\"submit\" name=\"save_draft\" class=\"button secondary save_draft\" value=\"Guardar borrador\" formnovalidate \/>\t\t\t<span class=\"spinner\" style=\"background-image: url(https:\/\/formacad.es\/empleo\/wp-includes\/images\/spinner.gif);\"><\/span>\n\t\t<\/p>\n\n\t<\/form>\n\n","protected":false},"excerpt":{"rendered":"","protected":false},"author":1,"featured_media":0,"parent":0,"menu_order":0,"comment_status":"closed","ping_status":"closed","template":"templates\/user-dashboard.php","meta":{"footnotes":""},"yst_prominent_words":[],"class_list":["post-226","page","type-page","status-publish","hentry"],"_links":{"self":[{"href":"https:\/\/formacad.es\/empleo\/wp-json\/wp\/v2\/pages\/226"}],"collection":[{"href":"https:\/\/formacad.es\/empleo\/wp-json\/wp\/v2\/pages"}],"about":[{"href":"https:\/\/formacad.es\/empleo\/wp-json\/wp\/v2\/types\/page"}],"author":[{"embeddable":true,"href":"https:\/\/formacad.es\/empleo\/wp-json\/wp\/v2\/users\/1"}],"replies":[{"embeddable":true,"href":"https:\/\/formacad.es\/empleo\/wp-json\/wp\/v2\/comments?post=226"}],"version-history":[{"count":1,"href":"https:\/\/formacad.es\/empleo\/wp-json\/wp\/v2\/pages\/226\/revisions"}],"predecessor-version":[{"id":2745,"href":"https:\/\/formacad.es\/empleo\/wp-json\/wp\/v2\/pages\/226\/revisions\/2745"}],"wp:attachment":[{"href":"https:\/\/formacad.es\/empleo\/wp-json\/wp\/v2\/media?parent=226"}],"wp:term":[{"taxonomy":"yst_prominent_words","embeddable":true,"href":"https:\/\/formacad.es\/empleo\/wp-json\/wp\/v2\/yst_prominent_words?post=226"}],"curies":[{"name":"wp","href":"https:\/\/api.w.org\/{rel}","templated":true}]}}